{"id":9785,"date":"2025-04-21T04:08:41","date_gmt":"2025-04-21T01:08:41","guid":{"rendered":"https:\/\/www.onalmadeniesya.com\/?post_type=product&#038;p=9785"},"modified":"2025-05-24T15:53:07","modified_gmt":"2025-05-24T12:53:07","slug":"pluto-utu-masasi-mu-104","status":"publish","type":"product","link":"https:\/\/www.onalmadeniesya.com\/?product=pluto-utu-masasi-mu-104","title":{"rendered":"Pluto \u00dct\u00fc Masas\u0131"},"content":{"rendered":"<p><img loading=\"lazy\" decoding=\"async\" class=\"aligncenter size-full wp-image-9912\" src=\"https:\/\/www.onalmadeniesya.com\/wp-content\/uploads\/2025\/04\/puluto-kesilen.jpg\" alt=\"\" width=\"1123\" height=\"398\" srcset=\"https:\/\/www.onalmadeniesya.com\/wp-content\/uploads\/2025\/04\/puluto-kesilen.jpg 1123w, https:\/\/www.onalmadeniesya.com\/wp-content\/uploads\/2025\/04\/puluto-kesilen-150x53.jpg 150w, https:\/\/www.onalmadeniesya.com\/wp-content\/uploads\/2025\/04\/puluto-kesilen-700x248.jpg 700w, https:\/\/www.onalmadeniesya.com\/wp-content\/uploads\/2025\/04\/puluto-kesilen-400x142.jpg 400w, https:\/\/www.onalmadeniesya.com\/wp-content\/uploads\/2025\/04\/puluto-kesilen-768x272.jpg 768w, https:\/\/www.onalmadeniesya.com\/wp-content\/uploads\/2025\/04\/puluto-kesilen-860x305.jpg 860w\" sizes=\"auto, (max-width: 1123px) 100vw, 1123px\" \/><\/p>\n","protected":false},"excerpt":{"rendered":"<p>&#8211; \u00a0Buhar\u0131 ge\u00e7iren monoblok sac tabla.<\/p>\n<p>&#8211; \u00a0Yanmaz silikonlu \u00fct\u00fc koyma alan\u0131.<\/p>\n<p>&#8211; \u00a060-90 cm aras\u0131 ayarlanabilir y\u00fckseklik.<\/p>\n<p>&#8211; \u00a0Elektrostatik toz boya kaplama.<\/p>\n<p>&#8211; \u00a0Canl\u0131 renklerde pamuklu k\u0131l\u0131f.<\/p>\n<p>&#8211; \u00a0Tekli, kullan\u0131ma haz\u0131r \u015f\u0131k ambalaj.<\/p>\n","protected":false},"featured_media":9878,"comment_status":"closed","ping_status":"closed","template":"","meta":[],"product_brand":[],"product_cat":[145],"product_tag":[],"class_list":{"0":"post-9785","1":"product","2":"type-product","3":"status-publish","4":"has-post-thumbnail","6":"product_cat-utu-masasi","8":"first","9":"instock","10":"shipping-taxable","11":"product-type-simple"},"_links":{"self":[{"href":"https:\/\/www.onalmadeniesya.com\/index.php?rest_route=\/wp\/v2\/product\/9785","targetHints":{"allow":["GET"]}}],"collection":[{"href":"https:\/\/www.onalmadeniesya.com\/index.php?rest_route=\/wp\/v2\/product"}],"about":[{"href":"https:\/\/www.onalmadeniesya.com\/index.php?rest_route=\/wp\/v2\/types\/product"}],"replies":[{"embeddable":true,"href":"https:\/\/www.onalmadeniesya.com\/index.php?rest_route=%2Fwp%2Fv2%2Fcomments&post=9785"}],"wp:featuredmedia":[{"embeddable":true,"href":"https:\/\/www.onalmadeniesya.com\/index.php?rest_route=\/wp\/v2\/media\/9878"}],"wp:attachment":[{"href":"https:\/\/www.onalmadeniesya.com\/index.php?rest_route=%2Fwp%2Fv2%2Fmedia&parent=9785"}],"wp:term":[{"taxonomy":"product_brand","embeddable":true,"href":"https:\/\/www.onalmadeniesya.com\/index.php?rest_route=%2Fwp%2Fv2%2Fproduct_brand&post=9785"},{"taxonomy":"product_cat","embeddable":true,"href":"https:\/\/www.onalmadeniesya.com\/index.php?rest_route=%2Fwp%2Fv2%2Fproduct_cat&post=9785"},{"taxonomy":"product_tag","embeddable":true,"href":"https:\/\/www.onalmadeniesya.com\/index.php?rest_route=%2Fwp%2Fv2%2Fproduct_tag&post=9785"}],"curies":[{"name":"wp","href":"https:\/\/api.w.org\/{rel}","templated":true}]}}