{"id":9825,"date":"2025-04-21T04:37:25","date_gmt":"2025-04-21T01:37:25","guid":{"rendered":"https:\/\/www.onalmadeniesya.com\/?post_type=product&#038;p=9825"},"modified":"2025-05-24T16:06:33","modified_gmt":"2025-05-24T13:06:33","slug":"luxseri-kurutma-askisi-mk-202","status":"publish","type":"product","link":"https:\/\/www.onalmadeniesya.com\/?product=luxseri-kurutma-askisi-mk-202","title":{"rendered":"L\u00fcxseri Kurutma Ask\u0131s\u0131"},"content":{"rendered":"<p><img loading=\"lazy\" decoding=\"async\" class=\"aligncenter size-full wp-image-9906\" src=\"https:\/\/www.onalmadeniesya.com\/wp-content\/uploads\/2025\/04\/WhatsApp-Gorsel-2025-05-19-saat-13.15.02_0d82f927-2.jpg\" alt=\"\" width=\"2560\" height=\"453\" srcset=\"https:\/\/www.onalmadeniesya.com\/wp-content\/uploads\/2025\/04\/WhatsApp-Gorsel-2025-05-19-saat-13.15.02_0d82f927-2.jpg 2560w, https:\/\/www.onalmadeniesya.com\/wp-content\/uploads\/2025\/04\/WhatsApp-Gorsel-2025-05-19-saat-13.15.02_0d82f927-2-150x27.jpg 150w, https:\/\/www.onalmadeniesya.com\/wp-content\/uploads\/2025\/04\/WhatsApp-Gorsel-2025-05-19-saat-13.15.02_0d82f927-2-700x124.jpg 700w, https:\/\/www.onalmadeniesya.com\/wp-content\/uploads\/2025\/04\/WhatsApp-Gorsel-2025-05-19-saat-13.15.02_0d82f927-2-400x71.jpg 400w, https:\/\/www.onalmadeniesya.com\/wp-content\/uploads\/2025\/04\/WhatsApp-Gorsel-2025-05-19-saat-13.15.02_0d82f927-2-1300x230.jpg 1300w, https:\/\/www.onalmadeniesya.com\/wp-content\/uploads\/2025\/04\/WhatsApp-Gorsel-2025-05-19-saat-13.15.02_0d82f927-2-768x136.jpg 768w, https:\/\/www.onalmadeniesya.com\/wp-content\/uploads\/2025\/04\/WhatsApp-Gorsel-2025-05-19-saat-13.15.02_0d82f927-2-1536x272.jpg 1536w, https:\/\/www.onalmadeniesya.com\/wp-content\/uploads\/2025\/04\/WhatsApp-Gorsel-2025-05-19-saat-13.15.02_0d82f927-2-2048x362.jpg 2048w, https:\/\/www.onalmadeniesya.com\/wp-content\/uploads\/2025\/04\/WhatsApp-Gorsel-2025-05-19-saat-13.15.02_0d82f927-2-860x152.jpg 860w\" sizes=\"auto, (max-width: 2560px) 100vw, 2560px\" \/><\/p>\n","protected":false},"excerpt":{"rendered":"<p>\u00dcr\u00fcn \u00d6zellikleri<\/p>\n<p>&#8211; \u00a0\u015e\u0131k ve Modern Tasar\u0131m.<\/p>\n<p>&#8211; \u00a0Dayan\u0131kl\u0131 Elektrostatik Toz Boya.<\/p>\n<p>&#8211; \u00a030 Par\u00e7aya Kadar \u00c7ama\u015f\u0131r Asma Kapasitesi.<\/p>\n<p>&#8211; \u00a0Katlanabilir ve Yer Kaplamaz Tasar\u0131m.<\/p>\n<p>&#8211; \u00a0Gaz Alt\u0131 Kaynak Teknolojisi ile \u00dcretilmi\u015f.<\/p>\n<p>&#8211; \u00a0Kullan\u0131ma Haz\u0131r, \u015e\u0131k Ambalaj.<\/p>\n<p>&nbsp;<\/p>\n","protected":false},"featured_media":9827,"comment_status":"closed","ping_status":"closed","template":"","meta":[],"product_brand":[],"product_cat":[152],"product_tag":[],"class_list":{"0":"post-9825","1":"product","2":"type-product","3":"status-publish","4":"has-post-thumbnail","6":"product_cat-kurutma-askisi","8":"first","9":"instock","10":"shipping-taxable","11":"product-type-simple"},"_links":{"self":[{"href":"https:\/\/www.onalmadeniesya.com\/index.php?rest_route=\/wp\/v2\/product\/9825","targetHints":{"allow":["GET"]}}],"collection":[{"href":"https:\/\/www.onalmadeniesya.com\/index.php?rest_route=\/wp\/v2\/product"}],"about":[{"href":"https:\/\/www.onalmadeniesya.com\/index.php?rest_route=\/wp\/v2\/types\/product"}],"replies":[{"embeddable":true,"href":"https:\/\/www.onalmadeniesya.com\/index.php?rest_route=%2Fwp%2Fv2%2Fcomments&post=9825"}],"wp:featuredmedia":[{"embeddable":true,"href":"https:\/\/www.onalmadeniesya.com\/index.php?rest_route=\/wp\/v2\/media\/9827"}],"wp:attachment":[{"href":"https:\/\/www.onalmadeniesya.com\/index.php?rest_route=%2Fwp%2Fv2%2Fmedia&parent=9825"}],"wp:term":[{"taxonomy":"product_brand","embeddable":true,"href":"https:\/\/www.onalmadeniesya.com\/index.php?rest_route=%2Fwp%2Fv2%2Fproduct_brand&post=9825"},{"taxonomy":"product_cat","embeddable":true,"href":"https:\/\/www.onalmadeniesya.com\/index.php?rest_route=%2Fwp%2Fv2%2Fproduct_cat&post=9825"},{"taxonomy":"product_tag","embeddable":true,"href":"https:\/\/www.onalmadeniesya.com\/index.php?rest_route=%2Fwp%2Fv2%2Fproduct_tag&post=9825"}],"curies":[{"name":"wp","href":"https:\/\/api.w.org\/{rel}","templated":true}]}}