{"id":9836,"date":"2025-04-21T04:42:10","date_gmt":"2025-04-21T01:42:10","guid":{"rendered":"https:\/\/www.onalmadeniesya.com\/?post_type=product&#038;p=9836"},"modified":"2025-05-24T16:06:43","modified_gmt":"2025-05-24T13:06:43","slug":"almira-kurutma-askisi-mk-204","status":"publish","type":"product","link":"https:\/\/www.onalmadeniesya.com\/?product=almira-kurutma-askisi-mk-204","title":{"rendered":"Almira Kurutma Ask\u0131s\u0131"},"content":{"rendered":"<p><img loading=\"lazy\" decoding=\"async\" class=\"aligncenter size-full wp-image-9907\" src=\"https:\/\/www.onalmadeniesya.com\/wp-content\/uploads\/2025\/04\/almira-kesilen.jpg\" alt=\"\" width=\"1123\" height=\"231\" srcset=\"https:\/\/www.onalmadeniesya.com\/wp-content\/uploads\/2025\/04\/almira-kesilen.jpg 1123w, https:\/\/www.onalmadeniesya.com\/wp-content\/uploads\/2025\/04\/almira-kesilen-150x31.jpg 150w, https:\/\/www.onalmadeniesya.com\/wp-content\/uploads\/2025\/04\/almira-kesilen-700x144.jpg 700w, https:\/\/www.onalmadeniesya.com\/wp-content\/uploads\/2025\/04\/almira-kesilen-400x82.jpg 400w, https:\/\/www.onalmadeniesya.com\/wp-content\/uploads\/2025\/04\/almira-kesilen-768x158.jpg 768w, https:\/\/www.onalmadeniesya.com\/wp-content\/uploads\/2025\/04\/almira-kesilen-860x177.jpg 860w\" sizes=\"auto, (max-width: 1123px) 100vw, 1123px\" \/><\/p>\n","protected":false},"excerpt":{"rendered":"<p>\u00dcr\u00fcn \u00d6zellikleri<\/p>\n<p>&#8211; \u00a0Estetik Tasar\u0131m.<\/p>\n<p>&#8211; \u00a0Elektrostatik Toz Boya Kaplama.<\/p>\n<p>&#8211; \u00a030 Par\u00e7a \u00c7ama\u015f\u0131r Asma Kapasitesi.<\/p>\n<p>&#8211; \u00a0Katlanabilir ve Yer Kaplamaz.<\/p>\n<p>&#8211; \u00a0Al\u00fcminyum Eloxal Kaplama.<\/p>\n<p>&#8211; \u00a0Kullan\u0131ma Haz\u0131r \u015e\u0131k Ambalaj.<\/p>\n<p>&nbsp;<\/p>\n","protected":false},"featured_media":9838,"comment_status":"closed","ping_status":"closed","template":"","meta":[],"product_brand":[],"product_cat":[152],"product_tag":[],"class_list":{"0":"post-9836","1":"product","2":"type-product","3":"status-publish","4":"has-post-thumbnail","6":"product_cat-kurutma-askisi","8":"first","9":"instock","10":"shipping-taxable","11":"product-type-simple"},"_links":{"self":[{"href":"https:\/\/www.onalmadeniesya.com\/index.php?rest_route=\/wp\/v2\/product\/9836","targetHints":{"allow":["GET"]}}],"collection":[{"href":"https:\/\/www.onalmadeniesya.com\/index.php?rest_route=\/wp\/v2\/product"}],"about":[{"href":"https:\/\/www.onalmadeniesya.com\/index.php?rest_route=\/wp\/v2\/types\/product"}],"replies":[{"embeddable":true,"href":"https:\/\/www.onalmadeniesya.com\/index.php?rest_route=%2Fwp%2Fv2%2Fcomments&post=9836"}],"wp:featuredmedia":[{"embeddable":true,"href":"https:\/\/www.onalmadeniesya.com\/index.php?rest_route=\/wp\/v2\/media\/9838"}],"wp:attachment":[{"href":"https:\/\/www.onalmadeniesya.com\/index.php?rest_route=%2Fwp%2Fv2%2Fmedia&parent=9836"}],"wp:term":[{"taxonomy":"product_brand","embeddable":true,"href":"https:\/\/www.onalmadeniesya.com\/index.php?rest_route=%2Fwp%2Fv2%2Fproduct_brand&post=9836"},{"taxonomy":"product_cat","embeddable":true,"href":"https:\/\/www.onalmadeniesya.com\/index.php?rest_route=%2Fwp%2Fv2%2Fproduct_cat&post=9836"},{"taxonomy":"product_tag","embeddable":true,"href":"https:\/\/www.onalmadeniesya.com\/index.php?rest_route=%2Fwp%2Fv2%2Fproduct_tag&post=9836"}],"curies":[{"name":"wp","href":"https:\/\/api.w.org\/{rel}","templated":true}]}}